x**3/2 + 2*x**2 + 54*x. Is d(16) a prime number?
False
Let q be (60/(-105))/(2/(-49)). Suppose -5*p = i + 18, -i - 3*p - q = p. Is 1059/(-5)*(-10)/i a composite number?
True
Suppose -27*b - 28950761 = -34740860 - 61268964. Is b a prime number?
True
Let l be (23 + -2)/((-9)/(-204)). Suppose -7 = 4*n + 5*p - 10, 5 = 5*n + 5*p. Suppose 0 = 3*v + 10*u - 9*u - l, 324 = n*v + 2*u. Is v a prime number?
True
Suppose 150843 = -313*c + 334*c. Is c a prime number?
False
Suppose 0 = 3*o - 0*o - 5*p + 17306, 2*o + 4*p = -11574. Is 2*-3 + (6 - o) composite?
True
Suppose -5*c = -10, 3*c - c = -4*z + 105000. Suppose -14*t + 33237 + z = 0. Is t composite?
True
Is 972714/(-6)*(3 + -4) a composite number?
False
Let h(f) = 9*f**2 + f + 1. Suppose 2*l = 7*l. Suppose -5*b = -5*w - l*w, -8 = -w - b. Is h(w) a composite number?
False
Suppose -6*o + 17 = -7. Suppose -r - 2*r - o*p = -7011, 0 = -3*p + 9. Is r prime?
True
Suppose -342 = 4*a + 3*l + 141, a + 127 = -2*l. Suppose 1001 - 28 = 5*s - 3*b, -197 = -s + 3*b. Let u = a + s. Is u prime?
False
Suppose -7 + 2 = -j. Suppose k - 50 = -j*h - 0*h, k = 4*h - 40. Is (-2007)/6*h/(-15) prime?
True
Suppose -n = -5, -40*n = -3*p - 43*n - 17787. Is p/(3 - 6) - 5 a composite number?
False
Let w(d) = d**2 + 3*d - 12. Let j be w(-6). Let o be 3 - ((-7)/21 - 18292/j). Suppose -3087 = -7*f + o. Is f a composite number?
False
Let s(b) = b**2 - 22*b + 43. Let n be s(20). Suppose 8*z - 25865 = n*z. Is z a composite number?
True
Let t(r) = 16258*r - 129. Is t(4) a composite number?
True
Let p = -2 - 92. Let o = -85 - p. Is (-2*3/o)/((-10)/1005) a prime number?
True
Suppose -5*b = -2*r - 29 - 4, 0 = b - 1. Is (-1)/((-3)/r)*3228/(-8) a composite number?
True
Suppose -43*z + 4112598 = -z. Is z a composite number?
False
Let t = 38 - 20. Suppose -3*z = -0*z - t. Let q(o) = 5*o**3 - o**2 + 3*o - 1. Is q(z) a prime number?
True
Let r = -4 + 104. Let d = -63 + r. Let g = d + 90. Is g composite?
False
Suppose 14*z - 11*z - 18 = 0. Suppose -7*w - z - 1 = 0. Is ((-19)/w)/((-13)/(-611)) a prime number?
False
Let v(f) be the first derivative of -493*f**2/2 - 172*f + 131. Is v(-11) a composite number?
True
Suppose 2*x - 3*a = 143200, a - 163882 = -3*x + 50951. Is x composite?
True
Let o(l) = -8*l - 30. Let r be o(-4). Suppose r*w - 6*w - 18 = -u, 3*w + 5 = 5*u. Is -1 + 3338 - (u/1 + -2) composite?
True
Suppose -8*s - 40*s + 17795919 = 59*s. Is s a composite number?
True
Let w be -1*(22/(-6) - 2)*3. Suppose 3*o - w = -n, o = 2*n + 1 - 0. Suppose n*p - 9845 = -9*p. Is p prime?
False
Suppose 6*r - 1898300 = -2*i, 5*i - 4*r + 949149 = 6*i. Is i composite?
False
Suppose s - 4495 = -4*d + 27478, 5*d - s = 39964. Is d a prime number?
True
Suppose -6*q - 148 + 172 = 0. Suppose 2*d - 4*d = -q*f - 658, -2*d - 3*f = -679. Is d composite?
True
Let o(h) = h**3 - h**2 + 5*h - 2. Let j be o(2). Suppose j*y = 11*y + 79. Is y - ((-2)/5 - (-156)/65) a prime number?
False
Is (-5)/(-1)*4 - -157667 a composite number?
True
Let k(q) = -5832*q - 5047. Is k(-39) prime?
False
Let r(d) = 753*d**3 - 6*d**2 - 9*d + 17. Is r(4) composite?
True
Suppose 83*w = 58*w + 10872425. Is w a prime number?
False
Let w(i) = -i**3 + 30*i**2 - 89*i + 90*i - 22 - 43*i. Is w(21) a prime number?
False
Let n = -344 + 347. Suppose 1323 = 3*q + 2*i, -2*q - 877 = -4*q - n*i. Is q prime?
True
Let w = 3 - 25. Let m = w - -22. Suppose 0 = -6*k - m*k + 4710. Is k composite?
True
Let j(b) = b**2 - 2. Let x(y) = 17*y - 32. Let v(m) = 6*j(m) - x(m). Suppose 8 - 23 = -n. Is v(n) prime?
False
Let q(m) be the second derivative of m**5/20 + m**4/2 - 2*m**3/3 - 4*m**2 - 34*m. Let k be (5 - 6)/((-2)/(-10)). Is q(k) a prime number?
True
Suppose 4*d - 16 = 0, 0 = 3*j + 6*d - d + 6820. Let i = 1297 + j. Let x = i + 1764. Is x prime?
False
Suppose -20*v + 146*v - 15419502 = 0. Is v a composite number?
True
Suppose -t + 3*s + 335357 = 0, 44*s = 45*s + 6. Is t composite?
True
Let n be (-151 + -6)*(-3)/3. Suppose -o - 229 = -231. Suppose -n - 85 = -o*j. Is j prime?
False
Suppose 4*g = -2*a + 4, -11*a - 4*g = -7*a. Is 2*2 + a*6906/(-4) prime?
True
Suppose -i = -2*i. Suppose 3*g - 292 = -4*n - 1520, -5*n + g - 1516 = i. Let q = 1167 - n. Is q a composite number?
False
Let k(x) = 4304*x + 15927. Is k(8) prime?
True
Let a = 12499 - -13983. Is a a composite number?
True
Let m(l) = 4398*l + 54. Let a = -96 - -71. Let k be m(a). Is (-6)/(-33) - k/88 a composite number?
False
Suppose -3*t - 1810535 = -5*m, -2*m + 644564 + 79650 = -4*t. Is m prime?
True
Suppose -82821*o = -82803*o - 4091382. Is o prime?
True
Suppose 15*c - 286 = 419. Let n be (-2)/6 + (-2217)/(-9). Let a = n + c. Is a composite?
False
Suppose 5*v - 67030 = 5*x, 41*v - 46*v + 67006 = 3*x. Is v composite?
True
Let b = 6926 + -4574. Let k = 23 - 18. Suppose -k*r + 338 = -b. Is r a composite number?
True
Let s(g) = 149*g**3 + 8*g**2 - 9*g - 9. Let o(d) = -d**2 + 2*d + 7. Let y be o(3). Is s(y) prime?
True
Let b = -131991 + 394171. Suppose -6*p + 4*n + 104846 = -4*p, -3*n + b = 5*p. Is p a composite number?
False
Let k = -371 + 375. Suppose 0 = -k*r + 18*r - 68194. Is r composite?
False
Suppose 17*b - 36*b = -3906191. Is b a composite number?
False
Let h(s) = s**2 + 7*s + 2. Let r be h(-7). Suppose -r*v + 1905 = 13*v. Is v a prime number?
True
Suppose -9599608 - 18454053 = -13*k - 84*k. Is k a composite number?
False
Let d = 69 + -77. Is 2/d*(82 - 33134) a composite number?
False
Let f(q) = 8*q**3 + 2*q**2 + 6*q + 4. Let z be f(3). Suppose 3*t - t = z. Let p = t - -1673. Is p prime?
True
Let j be (1 + (-10)/6)/(34/(-2805)). Let s be 12/5 + (-22)/j. Suppose -3*i + i + 177 = z, 4*i = s*z - 362. Is z prime?
True
Is 2 + 0 + (-6)/((-48)/344)*1957 a composite number?
True
Let z(g) = 18*g + 59. Suppose w - 4*p + 12 = 3*w, -2*p = 6. Let k be z(w). Suppose -i + 2664 = k. Is i composite?
False
Let l = 9 - 6. Let w(r) = -r**3 - 21*r**2 + 18*r - 237. Let b be w(-23). Suppose -l*t + 4*t = b. Is t prime?
False
Suppose 16*u = 12*u. Let x(l) = 53*l + 22921. Is x(u) composite?
False
Let z = 9416 - -154731. Is z prime?
True
Suppose 522131 = 17*z - 3823290. Is z a prime number?
True
Let h = 32419 - 20125. Let u = h + -5525. Is u composite?
True
Suppose 16*k = 15*k + 19536. Suppose -u = -4*b - 3903, b - k = -6*u + u. Is u a prime number?
True
Let y(c) = 7*c + 1. Let u be y(3). Suppose u*q + 135 = 27*q. Is 437/3 - 18/q composite?
True
Let p(t) = 21442*t + 349. Is p(6) a composite number?
False
Let h = -19666 + 22006. Let o(q) = -2133*q - 1. Let r be o(1). Let f = h - r. Is f prime?
False
Let z(x) = -1537*x - 128. Is z(-10) prime?
False
Suppose -59672 = -2*w - 2*h, -w + 24955 = 4*h - 4890. Is w prime?
True
Let n(o) = -o + 26. Let x be n(23). Suppose 4*s + x*j - 3827 - 8896 = 0, -4*j = 12. Is s prime?
False
Let h = -133 - -136. Suppose h*z = -3*g + 2859, -53*g + 50*g + 2*z = -2859. Is g a prime number?
True
Let m(p) = 13*p**2 - 9*p - 47. Let n = 73 - 77. Let f be -11 - -1*(-3 - n). Is m(f) a prime number?
False
Suppose -58*n = -123*n - 44*n + 13483409. Is n a composite number?
False
Let c be 2 - ((-1 - -5) + -5). Let r(i) = 10 + 9*i + 9 - 4*i + c*i. Is r(9) composite?
True
Let j = 397 - 388. Is (j/(-3) - -6587) + -1 a prime number?
False
Let v be 36/54 + (1 - (-14)/6*-1205). Let u be (1753/3)/(1/(-3)). Let y = u - v. Is y a prime number?
False
Let s(g) = g**3 + 4*g**2 + 14*g + 3. Let a be (16/(-20) - 0)*-5. Let u be ((-140)/8)/(-7)*a. Is s(u) composite?
False
Let j = -10419 - -15472. Is j a prime number?
False
Suppose -8*b = 179 - 203. Suppose -2770 = -4*q - 0*l + 3*l, 0 = b*q - l - 2075. Is q a prime number?
True
Let c(m) = 560*m**2 - 5*m + 196. Is c(13) a composite number?
False
Let f(y) = y**3 + 16*y**2 - y - 20. Let h be f(-16). Let v(i) = -1486*i - 66. Is v(h) a composite number?
True
Let d(z) = 2*z**2 - 35*z + 118. Let u be d(4). Let p(s) = 32*s**2 - 5*s + 115. Is p(u) a composite number?
True
Let m = 2125 + 518. Suppose -5*l = -5*t - 8142 - m, 2*l = -5*t + 4286. Is l composite?
False
Let p = 17 - 9. Suppose -20*k - p = -19*k. Is 12/k*-1*26 a prime number?
False
Let o = -188135 - -468934. Is o prime?
False
Let m = -42342 - -111115. Is m composite?
True
Let a = -58436 + 284065. Is a prime?
True
Let g(a) = -6*a + 29. Let q(x) = -3*x + 15. Let v(d) = 2*g(d) - 5*q(d). Let b be v(7